{"id":72,"date":"2017-05-09T10:21:12","date_gmt":"2017-05-09T08:21:12","guid":{"rendered":"http:\/\/fm2018.lyre-paroissiale-surpierre.ch\/?page_id=72"},"modified":"2018-05-20T16:35:47","modified_gmt":"2018-05-20T14:35:47","slug":"concours","status":"publish","type":"page","link":"http:\/\/fm2018.lyre-paroissiale-surpierre.ch\/?page_id=72","title":{"rendered":"Concours"},"content":{"rendered":"<h1>R\u00e9sultats<\/h1>\n<p><a href=\"http:\/\/fm2018.lyre-paroissiale-surpierre.ch\/?page_id=702\">R\u00e9sultat des solistes<\/a><\/p>\n<p><a href=\"http:\/\/fm2018.lyre-paroissiale-surpierre.ch\/?page_id=704\">R\u00e9sultat des soci\u00e9t\u00e9s<\/a><\/p>\n<h1>Liens<\/h1>\n<p><a href=\"http:\/\/fm2018.lyre-paroissiale-surpierre.ch\/?page_id=644\">Programme du concours des solistes<\/a><\/p>\n<p><a href=\"http:\/\/fm2018.lyre-paroissiale-surpierre.ch\/?page_id=635\">Programme du concours des soci\u00e9t\u00e9s<\/a><\/p>\n<p>Le d\u00e9pliant complet, distribu\u00e9 \u00e0 tous les musiciennes et musiciens, des concours de la f\u00eate pour impression : <a href=\"http:\/\/fm2018.lyre-paroissiale-surpierre.ch\/wp-content\/uploads\/2018\/04\/De\u0301pliant-giron-musique-2018.pdf\">De\u0301pliant giron musique 2018<\/a><\/p>\n\n<table id=\"tablepress-3\" class=\"tablepress tablepress-id-3\">\n<tbody>\n<tr class=\"row-1\">\n\t<td class=\"column-1\">Info : pour une bonne lisibilit\u00e9, imprimer en A3 et plier le ainsi<\/td><td class=\"column-2\"><a href=\"http:\/\/fm2018.lyre-paroissiale-surpierre.ch\/wp-content\/uploads\/2018\/04\/D\u00e9pliant-pliage.jpg\"><img loading=\"lazy\" decoding=\"async\" src=\"http:\/\/fm2018.lyre-paroissiale-surpierre.ch\/wp-content\/uploads\/2018\/04\/D\u00e9pliant-pliage-150x150.jpg\" alt=\"\" width=\"150\" height=\"150\" class=\"alignnone size-thumbnail wp-image-658\" srcset=\"http:\/\/fm2018.lyre-paroissiale-surpierre.ch\/wp-content\/uploads\/2018\/04\/D\u00e9pliant-pliage-150x150.jpg 150w, http:\/\/fm2018.lyre-paroissiale-surpierre.ch\/wp-content\/uploads\/2018\/04\/D\u00e9pliant-pliage-100x100.jpg 100w\" sizes=\"auto, (max-width: 150px) 100vw, 150px\" \/><\/a><\/td>\n<\/tr>\n<\/tbody>\n<\/table>\n\n<p><a href=\"http:\/\/fm2018.lyre-paroissiale-surpierre.ch\/?page_id=455\">Inscription<\/a><\/p>\n<p><a href=\"http:\/\/fm2018.lyre-paroissiale-surpierre.ch\/?page_id=459\">R\u00e8glements<\/a><\/p>\n<h1>Pr\u00e9sentation<\/h1>\n<p><a href=\"http:\/\/fm2018.lyre-paroissiale-surpierre.ch\/wp-content\/uploads\/2017\/11\/Inscription-soci\u00e9t\u00e9s-version-web-1.pdf\">Message aux soci\u00e9t\u00e9s de musique du Giron de la Broye<\/a><\/p>\n<h2>Mises \u00e0 jour<\/h2>\n<ul>\n<li>[23.11.2017] Ajout nombre d&rsquo;exemplaires \u00e0 envoyer.<\/li>\n<li>[23.11.2017] Ajout de la possibilit\u00e9 de jouer le morceau impos\u00e9 pour les participants \u00e0 la cantonale vaudoise.<\/li>\n<\/ul>\n","protected":false},"excerpt":{"rendered":"<p>R\u00e9sultats R\u00e9sultat des solistes R\u00e9sultat des soci\u00e9t\u00e9s Liens Programme du concours des solistes Programme du concours des soci\u00e9t\u00e9s Le d\u00e9pliant complet, distribu\u00e9 \u00e0 tous les musiciennes et musiciens, des concours de la f\u00eate pour impression : De\u0301pliant giron musique 2018 Inscription R\u00e8glements Pr\u00e9sentation Message aux soci\u00e9t\u00e9s de musique du Giron de la Broye Mises \u00e0 &hellip; <\/p>\n<p class=\"link-more\"><a href=\"http:\/\/fm2018.lyre-paroissiale-surpierre.ch\/?page_id=72\" class=\"more-link\">Continuer la lecture<span class=\"screen-reader-text\"> de &laquo;&nbsp;Concours&nbsp;&raquo;<\/span><\/a><\/p>\n","protected":false},"author":4,"featured_media":0,"parent":0,"menu_order":0,"comment_status":"closed","ping_status":"closed","template":"","meta":{"ngg_post_thumbnail":0,"footnotes":""},"class_list":["post-72","page","type-page","status-publish","hentry"],"_links":{"self":[{"href":"http:\/\/fm2018.lyre-paroissiale-surpierre.ch\/index.php?rest_route=\/wp\/v2\/pages\/72","targetHints":{"allow":["GET"]}}],"collection":[{"href":"http:\/\/fm2018.lyre-paroissiale-surpierre.ch\/index.php?rest_route=\/wp\/v2\/pages"}],"about":[{"href":"http:\/\/fm2018.lyre-paroissiale-surpierre.ch\/index.php?rest_route=\/wp\/v2\/types\/page"}],"author":[{"embeddable":true,"href":"http:\/\/fm2018.lyre-paroissiale-surpierre.ch\/index.php?rest_route=\/wp\/v2\/users\/4"}],"replies":[{"embeddable":true,"href":"http:\/\/fm2018.lyre-paroissiale-surpierre.ch\/index.php?rest_route=%2Fwp%2Fv2%2Fcomments&post=72"}],"version-history":[{"count":16,"href":"http:\/\/fm2018.lyre-paroissiale-surpierre.ch\/index.php?rest_route=\/wp\/v2\/pages\/72\/revisions"}],"predecessor-version":[{"id":716,"href":"http:\/\/fm2018.lyre-paroissiale-surpierre.ch\/index.php?rest_route=\/wp\/v2\/pages\/72\/revisions\/716"}],"wp:attachment":[{"href":"http:\/\/fm2018.lyre-paroissiale-surpierre.ch\/index.php?rest_route=%2Fwp%2Fv2%2Fmedia&parent=72"}],"curies":[{"name":"wp","href":"https:\/\/api.w.org\/{rel}","templated":true}]}}